Suppose -u - k*u = -318. What is the remainder when u is divided by 37?
32
Let c = 213 + -163. Calculate the remainder when 96 is divided by c.
46
Let k(w) = 7*w - 27. Let g be k(4). Calculate the remainder when 121 is divided by 1 - g - (-164)/4.
39
Let z = 2 - 1. Let g = z + 6. Suppose -17*r + 96 + 244 = 0. Calculate the remainder when r is divided by g.
6
Let q = 53 - 9. What is the remainder when 58 is divided by 6/8 - (-627)/q?
13
Suppose 40 - 1 = s. Let l(t) = t + 3. Let j be l(-3). Suppose j = -m + 4*m - 24. What is the remainder when s is divided by m?
7
Suppose -37*v = -39*v - 132. Let c = v + 95. What is the remainder when 144 is divided by c?
28
Suppose 0 = -10*h + 13*h + 6. Calculate the remainder when (-148)/6*3/h is divided by 13.
11
Suppose 0 = -5*g + 4*z - 0 - 8, -2*g = -2*z + 4. Suppose -23*w + 20*w + 126 = g. What is the remainder when w is divided by 11?
9
Suppose -4*t + 7*t - 37 = 5*l, -5*t = 5. Calculate the remainder when 133 is divided by 34*(22/18 + l/36).
31
Suppose 10*y + 386 = -174. What is the remainder when ((-9)/(-6))/((-3)/y) is divided by 16?
12
Suppose 0 = f + 3*f + 12. Calculate the remainder when 3 + ((-6)/4)/(f/20) is divided by 5.
3
Let f(o) = -2*o + o + 2 + 2*o - 16*o**3 + o. What is the remainder when 45 is divided by f(-1)?
13
Suppose 13 = 2*f - 21. Calculate the remainder when 48 is divided by f.
14
Suppose 4*a = -2*a + 1056. Let f = a + -126. What is the remainder when f is divided by 13?
11
Let n = 224 - 181. What is the remainder when n is divided by 66/(-4)*(-20)/30?
10
Suppose 2492 = h + 2460. What is the remainder when 73 is divided by h?
9
Suppose 4 = -2*y + 10. Suppose -4*t + 237 = t + 4*f, 5*t - 251 = y*f. Suppose 30 = 3*s - 21. What is the remainder when t is divided by s?
15
Let c(j) = -j**2 - 9*j. Let x be c(-4). Let k = x + 48. What is the remainder when k is divided by 18?
14
Let x(o) = -2*o + 16. Let l = 153 + -64. Suppose 4*c - l = -33. Calculate the remainder when x(-17) is divided by c.
8
Calculate the remainder when 43 + 4 + 12 + -9 is divided by 17.
16
Let i = -134 + 191. Let h = i + -40. What is the remainder when h is divided by 3?
2
Let n(v) = 2*v**2 + 3*v + 6. Let w(l) = -l**3 + 4*l**2 + 2*l + 4. Let i be w(5). What is the remainder when (-2)/i + (-1908)/(-33) is divided by n(-3)?
13
Let s(i) = 3*i**2 - 9 - 7*i**2 - 3*i**2 - 6 - 10*i - i**3. Calculate the remainder when s(-6) is divided by 5.
4
Let p = 30 + -23. Suppose -a = -0*a - 6. Let w = a + -2. What is the remainder when p is divided by w?
3
Let j(w) = w**3 + 4*w**2 + 3*w + 4. Let v be (-80)/(-14) - (-14)/49. Suppose x = -x - v. Calculate the remainder when 15 is divided by j(x).
3
Let z(o) = -22*o + 29. Let r(u) = 22*u - 28. Let v(l) = 4*r(l) + 3*z(l). Calculate the remainder when v(4) is divided by (-11)/((-2)/(-1) - 3).
8
Let h = 333 + -317. What is the remainder when 155 is divided by h?
11
Suppose 5*c + 1 - 62 = x, 17 = c - 5*x. What is the remainder when 69 is divided by c?
9
Let k(n) = n**3 + 15*n**2 - n - 15. Let t be k(-15). Suppose -7*m + 2 + 19 = t. Suppose -m*v + 31 = -2. Calculate the remainder when v is divided by 6.
5
Let i(u) = -u**3 + 5*u**2 - 5*u + 4. Let l be i(3). What is the remainder when 29 is divided by 3/l + 962/91?
7
Suppose 3*r - 15 = 5*p, -5*p + 33 = 3*r + 18. Let a be (-3)/(1 + -1 + 1). Let t = a - -7. Calculate the remainder when r is divided by t.
1
Let x be -6*(4 - (-11)/(-2)). Let n = 2 + x. Calculate the remainder when 17 is divided by n.
6
Let r = -98 + 102. Suppose -w - r*w = -380. Calculate the remainder when w is divided by 16.
12
Suppose 0 = 2*n - 5*v - 25, 0 = 4*v - 1 + 21. Suppose 4*t + 3*h - 510 = n, -5*t - h = -10*t + 628. What is the remainder when t is divided by 43?
40
Let b = 1610 + -1498. Calculate the remainder when b is divided by 21.
7
Let h(x) = -164*x + 12. Let d be h(1). Suppose -2*q - 3*q = 415. Let k = q - d. What is the remainder when k is divided by 24?
21
Let f = 2363 + -2307. What is the remainder when 503 is divided by f?
55
Let k(i) = -6*i**2 + 6*i - 6. Let w be k(4). Let c = -26 - w. What is the remainder when c is divided by 9?
7
Suppose 4*s = 4*l + 128, -6*l = s - 3*l - 24. What is the remainder when 83 is divided by s?
23
Let v = 54 - 77. Let s = v - -39. What is the remainder when 31 is divided by s?
15
Suppose 0 = n + 5*a - 238, 4*n - 7*a + 6*a = 973. What is the remainder when n is divided by 35?
33
Let l = 30 - 25. Suppose 0 = 2*v - 5*u - 51, -4*v + l*u = 4*u - 75. What is the remainder when 87 is divided by v?
15
Let j = -653 + 673. What is the remainder when j is divided by 18?
2
Let n(r) = 21*r + 14. Let h(m) = 7*m + 5. Let s(x) = 17*h(x) - 6*n(x). Let z = -8 - -1. Calculate the remainder when s(z) is divided by 26.
24
Let a(d) = -5 + 1 + 0 + 7*d. Let m be a(3). Let i = -14 + m. Calculate the remainder when i is divided by 2.
1
What is the remainder when (-3)/20*-5 + 1573/4 is divided by 36?
34
Let w = 1117 + -1019. What is the remainder when 1075 is divided by w?
95
Suppose 0 = -x + 2*z + 14, 2*x - 36 = -6*z + 2*z. Calculate the remainder when 381 is divided by x.
13
Suppose 304 = -h + 393. Calculate the remainder when h is divided by 13.
11
Let n(f) = -f**3 - 18*f**2 + 4. Let g be n(-18). Suppose -3*p - 3 - 58 = -2*v, g*p + 4 = 0. What is the remainder when 84 is divided by v?
26
Let g be (-204)/(-33) - (20/22)/5. Suppose c = m - 6*m + 12, 5*m - 2 = 4*c. Suppose -m*b = g, -8 = -h + b - 3*b. What is the remainder when 54 is divided by h?
12
Let o(z) = z**3 - 27*z**2 - 52*z - 157. What is the remainder when 57 is divided by o(29)?
6
Let a be (1 + -1 + -1)/(2/(-932)). Suppose 0 = -i + 7*o - 2*o + 80, 3*o + a = 5*i. Calculate the remainder when i is divided by 32.
31
Let w = -234 + 243. What is the remainder when 17 is divided by w?
8
Suppose -10 = -3*h + 3*m - 5*m, -5*h + 18 = 2*m. Suppose -d = -5*u + 15 - h, d - 4*u + 7 = 0. Calculate the remainder when 34 is divided by d.
7
Let g(l) = l**3 + 6 + 0*l**2 - 40 + 15*l**2 + 5*l - 8*l. Calculate the remainder when 73 is divided by g(-15).
7
Suppose 0 = -5*m + 2*m - 3*m. Suppose 0*u = -l + 3*u + 106, -5*l + 2*u + 556 = m. Calculate the remainder when l is divided by 23.
20
Suppose 4*b = -3*f + 21, -2*b + 5 = -b + f. Let x = -3 - -5. Calculate the remainder when (-7 + x)*(-42)/10 is divided by b.
3
Let r = 44 + -26. Suppose 11*a - 9*a = 130. Suppose -a - 41 = -2*p. What is the remainder when p is divided by r?
17
Let m(q) = -71*q + 7. Let i(h) = h + 1. Let o be i(-2). Calculate the remainder when m(o) is divided by 27.
24
Suppose 5*p + 25 = g, -10 = 5*g + 2*p - 81. What is the remainder when 51 - 2*(-4)/2 is divided by g?
10
Suppose 40 = 4*b + b. Suppose -2*l - 420 = 4*l. Let g = 92 + l. Calculate the remainder when g is divided by b.
6
Let v be (-2)/9 + 310/18. Suppose -3*n = -88 - v. Calculate the remainder when n is divided by 19 - (12 + -21 - -16).
11
Let q(l) = -70*l - 107. What is the remainder when q(-3) is divided by 42?
19
Let d(n) = -n + 13. Let q be d(-11). Suppose -50*j + 47*j = -q. Calculate the remainder when 36 is divided by j.
4
Let a = -119 - -127. Calculate the remainder when 113 is divided by a.
1
Suppose -509*g = -502*g - 175. What is the remainder when 163 is divided by g?
13
Suppose -2*l - 5 + 29 = 0. Suppose 8*g + l = 5*g. Calculate the remainder when 14 is divided by ((-12)/g - 4)*-3.
2
Let k(o) = -4*o**3 - 6*o**2 - 6*o + 4. What is the remainder when 91 is divided by k(-2)?
19
Suppose 4*w + 7*l - 3*l = 104, -5*l - 59 = -4*w. Suppose 6*h + 3 = w. Let o(u) = 2*u**3 - 2*u**2 + 2*u - 2. What is the remainder when o(2) is divided by h?
1
Suppose -2*q + 566 = 2*q - 2*z, -3*q - 2*z + 428 = 0. Let u = 245 - 216. What is the remainder when q is divided by u?
26
Calculate the remainder when 78 is divided by -17*(-2)/(-3)*(-21)/14.
10
Suppose 3*f + 11 = 164. Suppose -2*c = 3*n - 88, -3*c = -n - f - 59. What is the remainder when c is divided by ((-4)/10)/(-1*1/25)?
8
Let p(w) be the first derivative of 3*w**2 + 5*w - 1. Let g be p(-5). Let v = g + 49. Calculate the remainder when v is divided by 9.
6
Let m(k) = -k**3 + 30*k**2 - 28*k - 5. What is the remainder when 34 is divided by m(29)?
10
Let z(g) = -g**3 - 2*g**2 + 1. Let u be z(-2). What is the remainder when 121 is divided by (-124)/(